d(24).
-130
Let u(q) = 172353*q - 861765. Give u(5).
0
Let z(h) = -51395*h - 154254. Calculate z(-3).
-69
Let u(a) = 6947*a - 20847. What is u(3)?
-6
Let s(y) = -10*y**3 + 14*y**2 + 57*y - 18. What is s(-2)?
4
Let b(v) = -10*v**2 + 149*v + 722. What is b(-5)?
-273
Let f(h) = -h**3 - 276*h**2 - 266*h + 2523. Give f(-275).
48
Let r(y) = -51*y + 123. What is r(12)?
-489
Let f(s) = 19*s**3 - 28*s**2 - 28*s + 3. Determine f(2).
-13
Let a(t) = 12029*t + 36159. Calculate a(-3).
72
Let t(f) = -f**3 - 81*f**2 - 1525*f + 211. Give t(-51).
-44
Let u(m) = m**2 - 103*m + 2913. Calculate u(59).
317
Let a(x) = 249*x**3 - 4*x**2 - 23*x - 46. What is a(-2)?
-2008
Let i(b) = -b**3 + 7*b**2 + 209*b - 379. Determine i(-11).
-500
Let u(z) = -z**2 - 6190*z - 349603. What is u(-57)?
-22
Let k(w) = w**2 + 39*w + 238. Calculate k(12).
850
Let i(w) = 101146*w - 1921787. What is i(19)?
-13
Let s(l) = 6*l**2 - 1077*l - 561. Determine s(180).
-21
Let n(u) = -71*u**2 - 685*u + 2009. What is n(-12)?
5
Let z(n) = -n**3 - 854*n**2 + 14701*n + 1812. Determine z(17).
10
Let x(c) = -1531*c - 114586. Give x(-75).
239
Let m(l) = 662151*l + 3310819. Give m(-5).
64
Let z(d) = -2*d**3 - 63*d**2 + 1536*d + 48568. Give z(-31).
-9
Let u(a) = a**2 + 160*a - 10543. Determine u(-210).
-43
Let s(b) = -5*b - 1037. Calculate s(80).
-1437
Let p(t) = 19*t**3 - 120*t**2 - 5*t - 104. Determine p(7).
498
Let p(j) = -2*j**3 + 361*j**2 + 316*j - 24430. Give p(181).
5
Let r(u) = 602*u - 69157. What is r(115)?
73
Let f(o) = -o**3 - 100*o**2 + 3829*o - 2478. What is f(29)?
74
Let s(h) = -182*h**2 + 1305*h + 26. Calculate s(7).
243
Let g(w) = 13*w**3 - 67*w**2 - 62*w - 21. Determine g(6).
3
Let p(g) = 315542*g + 5048668. Calculate p(-16).
-4
Let z(j) = -394404*j - 788865. Determine z(-2).
-57
Let i(a) = a**3 + 16*a**2 + 559*a + 5474. Give i(-10).
484
Let u(r) = r**2 - 97*r - 2228. Give u(38).
-4470
Let q(i) = -i**2 + 48388*i + 4800220. Calculate q(-99).
7
Let u(d) = d**3 + 235*d**2 - 237*d - 277. What is u(-236)?
-41
Let g(x) = 7911*x + 5229176. Give g(-661).
5
Let i(t) = -t**3 - 18*t**2 - 15*t - 11. What is i(6)?
-965
Let i(h) = -53723*h - 4512724. Give i(-84).
8
Let h(o) = -570*o**2 + 2266*o + 56. Give h(4).
0
Let f(q) = q**3 - 1873*q**2 + 3758*q - 2. What is f(2)?
30
Let i(s) = s**3 + 884*s**2 - 1195*s + 511214. Determine i(-886).
-8
Let j(k) = -k**2 + 1551*k + 401601. Give j(1777).
-1
Let g(t) = 43523*t - 2916071. Calculate g(67).
-30
Let p(a) = 297*a + 23628. Calculate p(-79).
165
Let f(i) = 47052*i + 3105423. Determine f(-66).
-9
Let h(k) = 14737*k + 1120018. Give h(-76).
6
Let q(h) = -9*h**3 + 98*h**2 - 126*h + 901. Calculate q(11).
-606
Let j(a) = 4*a**3 + 40*a**2 + 88*a - 43. Determine j(-4).
-11
Let t(o) = 7*o - 94. Determine t(-30).
-304
Let j(b) = -4*b**3 - 3497*b**2 - 4342*b + 20080. Determine j(-873).
1
Let m(t) = -t**3 - 6*t**2 + 12732*t + 50959. What is m(-4)?
-1
Let z(m) = -44*m - 2382. Determine z(-42).
-534
Let m(c) = 2*c**3 - 69*c - 838. Determine m(9).
-1
Let o(v) = 1575*v - 62952. What is o(41)?
1623
Let a(g) = -20*g**3 + 100*g**2 + 17*g - 98. Give a(5).
-13
Let b(f) = 2*f**3 + 28*f**2 + 25*f - 5. Calculate b(-13).
8
Let p(u) = 5474*u - 77293. Calculate p(14).
-657
Let o(h) = -2*h**3 + 932*h**2 + 1119*h - 86399. Calculate o(467).
-4
Let b(d) = 32*d - 51. Calculate b(-8).
-307
Let i(o) = -2*o**2 - 211*o - 3883. What is i(-60)?
1577
Let v(x) = 70542*x - 1763547. Calculate v(25).
3
Let y(j) = -537*j - 26912. Give y(-50).
-62
Let a(d) = -4865*d - 1809786. Determine a(-372).
-6
Let r(m) = -m**2 + 1350*m - 58987. Determine r(45).
-262
Let p(m) = -2*m**3 + 156*m**2 - 102*m - 40. Determine p(77).
3964
Let k(g) = 3*g**3 - 99*g**2 + 735*g + 592. What is k(13)?
7
Let k(f) = -189*f**2 - 1648*f + 1650. Determine k(1).
-187
Let z(i) = -5*i**3 - 310*i**2 + 3526*i + 743. What is z(10)?
3
Let m(o) = -o**2 + 205*o - 9916. Calculate m(133).
-340
Let x(n) = -n**3 - 13*n**2 - 145*n - 521. Determine x(-5).
4
Let s(l) = 84903*l + 4924380. Determine s(-58).
6
Let c(r) = -85568*r**2 + 7*r - 10. Calculate c(0).
-10
Let z(p) = 2*p**3 - 130*p**2 + 152*p - 18696. Calculate z(66).
48
Let s(y) = -2*y**2 + 101*y - 898. What is s(41)?
-119
Let x(r) = -2778*r - 883407. Calculate x(-318).
-3
Let x(m) = 4*m**3 - 54*m**2 - 51*m + 989. Calculate x(13).
-12
Let d(m) = m**3 + 32*m**2 + 10125*m + 269721. Give d(-27).
-9
Let h(v) = v**3 + 163*v**2 + 331*v + 1396. What is h(-161)?
-53
Let s(n) = 1237*n + 26267. Give s(-21).
290
Let l(g) = 203*g - 3404. Give l(3).
-2795
Let k(s) = 26*s**2 + 2546*s - 2700. Determine k(-99).
72
Let n(r) = r**3 - 236*r**2 - 2738*r - 127. What is n(-11)?
104
Let k(b) = -b**3 - b**2 + 354*b - 986. Calculate k(0).
-986
Let d(y) = 18*y**2 - 40248*y - 40249. Determine d(-1).
17
Let a(q) = -4*q**2 - 803*q + 20827. Give a(-224).
-5
Let d(a) = 20704*a**2 + 41445*a + 3. Calculate d(-2).
-71
Let z(w) = 6*w**2 - 139*w + 496. Give z(17).
-133
Let r(l) = 24350*l - 3. Calculate r(0).
-3
Let a(z) = 58*z**2 - 1240*z - 17. What is a(21)?
-479
Let r(j) = 68*j**2 - 19041*j + 283. Give r(280).
3
Let u(t) = 30*t**2 + 8042*t + 551. What is u(-268)?
15
Let v(x) = 3243*x + 441071. Give v(-136).
23
Let o(q) = -4*q**3 + 48*q**2 + 4063*q - 48886. Determine o(12).
-130
Let c(u) = -4*u**2 + 76521*u + 612426. What is c(-8)?
2
Let d(v) = -v**2 + 88051*v + 2289998. Give d(-26).
-4
Let j(i) = 180757*i + 1265361. Calculate j(-7).
62
Let b(j) = 7851*j + 4554. Calculate b(-1).
-3297
Let t(g) = g**2 - 5349*g + 16041. Give t(3).
3
Let i(o) = o**3 + 125*o**2 - 1197*o - 471. What is i(-134)?
-1677
Let a(o) = o**3 + 8*o**2 - 176*o - 1685. Calculate a(-10).
-125
Let p(k) = -k**3 - 15*k**2 + 58*k - 66. Give p(3).
-54
Let l(w) = 5650*w - 694964. Determine l(123).
-14
Let i(h) = 11*h**2 + 82*h - 965. Determine i(12).
1603
Let d(o) = -o**3 + 6*o**2 + 130*o + 90. Calculate d(15).
15
Let n(b) = 8*b**3 - 144*b**2 - 340*b + 389. Determine n(20).
-11
Let w(y) = -6*y**3 + 37*y**2 - 2*y + 31. What is w(7)?
-228
Let u(a) = a**3 - 31*a**2 - 129*a + 3127. Determine u(32).
23
Let l(m) = m**2 - 746*m - 16126. Determine l(-21).
-19
Let k(i) = 4*i**2 - 649*i - 1306. Give k(-2).
8
Let j(q) = -2882*q + 815616. What is j(283)?
10
Let c(f) = -f**2 - 6365*f - 114858. What is c(-18)?
-612
Let t(f) = -198*f**2 - 3952*f + 204. Calculate t(-20).
44
Let p(x) = 2*x**2 - 1288*x + 16775. What is p(13)?
369
Let g(k) = -11*k**3 + 2257*k**2 - 15738*k + 5. Determine g(7).
-3341
Let k(r) = r**3 + 13*r**2 - 184*r - 44. What is k(-13)?
2348
Let k(p) = 890*p - 93880. What is k(105)?
-430
Let l(w) = -w**3 + 5*w**2 - 212*w - 1894. Give l(-7).
178
Let x(w) = w**3 + 111*w**2 + 103*w - 828. Give x(-110).
-58
Let s(q) = -24*q - 618. Calculate s(-42).
390
Let b(z) = 2*z**3 - 558*z**2 + 2597*z - 1589. Give b(4).
-1
Let w(j) = -40*j**2 + 640*j + 3431. Calculate w(-5).
-769
Let j(f) = 4029*f - 3997. What is j(1)?
32
Let j(s) = 2*s**3 - 55*s**2 + 547*s - 2096. What is j(12)?
4
Let v(x) = 311249*x + 2801234. Calculate v(-9).
-7
Let i(s) = -52*s**2 + 2693*s - 23321. Give i(11).
10
Let y(v) = v**3 + 79*v**2 + 1104*v + 385. Calculate y(-61).
19
Let l(j) = 68354*j - 205056. What is l(3)?
6
Let a(z) = 5447*z + 43650. What is a(-8)?
74
Let p(d) = -37*d**2 + 510*d + 40. Calculate p(13).
417
Let h(v) = 1657*v + 41471. Calculate h(-25).
46
Let m(q) = -1093*q + 50710. Give m(46).
432
Let v(n) = -10261*n + 184671. Give v(18).
-27
Let u(i) = -2564*i + 22929. Calculate u(9).
-147
Let d(o) = -5*o**2 + 192*o + 1113. What is d(44)?
-119
Let d(z) = -3*z**2 - 219*z - 4152. Calculate d(-49).
-624
Let k(t) = t**3 - 37*t**2 + 5832*t - 223066. Give k(38).
-6
Let b(l) = 10*l**2 - 2015*l - 8070. Determine b(-4).
150
Let o(d) = -22*d**3 + 21*d**2 - 57*d - 6. Give o(3).
-582
Let b(s) = 370*s - 7148. Determine b(21).
622
Let c(g) = -4*g**3 + 306*g**2 - 26*g - 9668. What is c(76)?
-92
Let q(x) = 32*x**2 - 1598*x + 9547. Calculate q(43).
1
Let s(m) = m**2 - 72*m + 2997. What is s(32)?
1717
Let a(z) = z**3 - 56*z**2 + 70*z - 5515. Determine a(55).
-4690
Let v(p) = 1600*p**2 - 3197*p - 18. Determine v(2).
-12
Let k(f) = -6964*f + 41818. What is k(6)?
34
Let g(m) = m**3 - 269*m**2 + 3811*m + 6. Give g(15).
21
Let m(k) = 5*k**2 - 213*k + 1295. Determine m(35).
-35
Let y(a) = -3*a**2 + 86*a + 354. Calculate y(-7).